{"id":2810,"date":"2026-02-07T10:03:34","date_gmt":"2026-02-07T10:03:34","guid":{"rendered":"https:\/\/www.sladkatecka.com\/?page_id=2810"},"modified":"2026-02-07T10:05:20","modified_gmt":"2026-02-07T10:05:20","slug":"dorty","status":"publish","type":"page","link":"https:\/\/www.sladkatecka.com\/index.php\/dorty\/","title":{"rendered":"Dorty"},"content":{"rendered":"\n<p>Narozeninov\u00e1 oslava \u010di jin\u00e1 v\u00fdznamn\u00e1 ud\u00e1lost bez dortu, to snad ani nelze. Nev\u00edte, jak by m\u011bl takov\u00fd dort vypadat a m\u00e1te jen z\u00e1kladn\u00ed indicie, jako je nap\u0159. barva, postavi\u010dka aj.? Nem\u011bjte obavy, samotn\u00fd dort\u00edk V\u00e1m p\u0159ed jeho realizac\u00ed namaluji, dolad\u00edme detaily a Vy si tak snadno p\u0159edstav\u00edte, jak bude vypadat.<\/p>\n\n\n\n<p>Fotografie a dal\u0161\u00ed inspirace naleznete pod jednotliv\u00fdmi z\u00e1lo\u017ekami (d\u011btsk\u00e9 dorty, svatebn\u00ed dobroty, dorty a ostatn\u00ed).<\/p>\n","protected":false},"excerpt":{"rendered":"<p>Narozeninov\u00e1 oslava \u010di jin\u00e1 v\u00fdznamn\u00e1 ud\u00e1lost bez dortu, to snad ani nelze. Nev\u00edte, jak by m\u011bl takov\u00fd dort vypadat a m\u00e1te jen z\u00e1kladn\u00ed indicie, jako je nap\u0159. barva, postavi\u010dka aj.? Nem\u011bjte obavy, samotn\u00fd dort\u00edk V\u00e1m p\u0159ed jeho realizac\u00ed namaluji, dolad\u00edme detaily a Vy si tak snadno p\u0159edstav\u00edte, jak bude vypadat. Fotografie a dal\u0161\u00ed inspirace naleznete &hellip; <\/p>\n<p class=\"link-more\"><a href=\"https:\/\/www.sladkatecka.com\/index.php\/dorty\/\" class=\"more-link\">Pokra\u010dovat ve \u010dten\u00ed<span class=\"screen-reader-text\"> &#8222;Dorty&#8220;<\/span><\/a><\/p>\n","protected":false},"author":1,"featured_media":0,"parent":0,"menu_order":0,"comment_status":"closed","ping_status":"closed","template":"","meta":{"footnotes":""},"class_list":["post-2810","page","type-page","status-publish","hentry"],"_links":{"self":[{"href":"https:\/\/www.sladkatecka.com\/index.php\/wp-json\/wp\/v2\/pages\/2810","targetHints":{"allow":["GET"]}}],"collection":[{"href":"https:\/\/www.sladkatecka.com\/index.php\/wp-json\/wp\/v2\/pages"}],"about":[{"href":"https:\/\/www.sladkatecka.com\/index.php\/wp-json\/wp\/v2\/types\/page"}],"author":[{"embeddable":true,"href":"https:\/\/www.sladkatecka.com\/index.php\/wp-json\/wp\/v2\/users\/1"}],"replies":[{"embeddable":true,"href":"https:\/\/www.sladkatecka.com\/index.php\/wp-json\/wp\/v2\/comments?post=2810"}],"version-history":[{"count":2,"href":"https:\/\/www.sladkatecka.com\/index.php\/wp-json\/wp\/v2\/pages\/2810\/revisions"}],"predecessor-version":[{"id":2816,"href":"https:\/\/www.sladkatecka.com\/index.php\/wp-json\/wp\/v2\/pages\/2810\/revisions\/2816"}],"wp:attachment":[{"href":"https:\/\/www.sladkatecka.com\/index.php\/wp-json\/wp\/v2\/media?parent=2810"}],"curies":[{"name":"wp","href":"https:\/\/api.w.org\/{rel}","templated":true}]}}