{"id":2771,"date":"2025-11-17T18:32:46","date_gmt":"2025-11-17T18:32:46","guid":{"rendered":"https:\/\/www.sladkatecka.com\/?page_id=2771"},"modified":"2025-11-17T18:36:04","modified_gmt":"2025-11-17T18:36:04","slug":"streetdance","status":"publish","type":"page","link":"https:\/\/www.sladkatecka.com\/index.php\/streetdance\/","title":{"rendered":"StreetDance (15let a v\u00edce)"},"content":{"rendered":"\n<p>B\u011bhem t\u00e9to lekce se nau\u010d\u00edte nov\u00e9 tane\u010dn\u00ed prvky a techniky, spr\u00e1vn\u00e9mu dr\u017een\u00ed t\u011bla, z\u00e1rove\u0148 tak\u00e9 pos\u00edl\u00edme a prot\u00e1hneme cel\u00e9 t\u011blo. <\/p>\n\n\n\n<p>StreetDance je tane\u010dn\u00ed styl vych\u00e1zej\u00edc\u00ed z\u00a0hip hopu, tan\u010d\u00ed se na modern\u00ed hudbu zn\u00e1mou z\u00a0obrazovek a r\u00e1di\u00ed. Je to velmi obl\u00edben\u00fd druh tance vzhledem k\u00a0tancov\u00e1n\u00ed na aktu\u00e1n\u00ed hity a pro mo\u017enost vytv\u00e1\u0159en\u00ed zaj\u00edmav\u00fdch a z\u00e1bavn\u00fdch choreografi\u00ed.<\/p>\n\n\n\n<p>V&nbsp;p\u0159\u00edpad\u011b z\u00e1jmu bude v\u00fdstupem z&nbsp;tohoto krou\u017eku z\u00e1v\u011bre\u010dn\u00e9 vystoupen\u00ed.<\/p>\n\n\n\n<p><strong>Co s&nbsp;sebou:<\/strong><\/p>\n\n\n\n<ul class=\"wp-block-list\">\n<li>Pohodln\u00e9 oble\u010den\u00ed<\/li>\n\n\n\n<li>Sportovn\u00ed obuv<\/li>\n\n\n\n<li>Ru\u010dn\u00edk<\/li>\n\n\n\n<li>Pit\u00ed<\/li>\n<\/ul>\n\n\n\n<p><strong>Kdy:<\/strong><\/p>\n\n\n\n<ul class=\"wp-block-list\">\n<li>Ka\u017edou st\u0159edu od 17hod \u2013 V korun\u00e1ch strom\u016f U Tenisu<\/li>\n\n\n\n<li>Lekce trv\u00e1 55 min<\/li>\n\n\n\n<li>Za\u010d\u00edn\u00e1me v&nbsp;t\u00fddnu od 26.11.2025<\/li>\n<\/ul>\n\n\n\n<p><strong>Cena:<\/strong><\/p>\n\n\n\n<ul class=\"wp-block-list\">\n<li>1. pololeti 16.9.2025 \u2013 3.2.2026<br>2. pololet\u00ed 10.2. \u2013 16.6.2026<\/li>\n\n\n\n<li>2700,-\/pololet\u00ed\/18 lekc\u00ed<\/li>\n\n\n\n<li>Lekce neprob\u00edhaj\u00ed v obdob\u00ed pr\u00e1zdnin pro Prahu 5 a ve sv\u00e1tky<\/li>\n\n\n\n<li>Po p\u0159edchoz\u00ed domluv\u011b je mo\u017en\u00fd jednor\u00e1zov\u00fd vstup \u2013 cena 200,-<\/li>\n<\/ul>\n","protected":false},"excerpt":{"rendered":"<p>B\u011bhem t\u00e9to lekce se nau\u010d\u00edte nov\u00e9 tane\u010dn\u00ed prvky a techniky, spr\u00e1vn\u00e9mu dr\u017een\u00ed t\u011bla, z\u00e1rove\u0148 tak\u00e9 pos\u00edl\u00edme a prot\u00e1hneme cel\u00e9 t\u011blo. StreetDance je tane\u010dn\u00ed styl vych\u00e1zej\u00edc\u00ed z\u00a0hip hopu, tan\u010d\u00ed se na modern\u00ed hudbu zn\u00e1mou z\u00a0obrazovek a r\u00e1di\u00ed. Je to velmi obl\u00edben\u00fd druh tance vzhledem k\u00a0tancov\u00e1n\u00ed na aktu\u00e1n\u00ed hity a pro mo\u017enost vytv\u00e1\u0159en\u00ed zaj\u00edmav\u00fdch a z\u00e1bavn\u00fdch choreografi\u00ed. &hellip; <\/p>\n<p class=\"link-more\"><a href=\"https:\/\/www.sladkatecka.com\/index.php\/streetdance\/\" class=\"more-link\">Pokra\u010dovat ve \u010dten\u00ed<span class=\"screen-reader-text\"> &#8222;StreetDance (15let a v\u00edce)&#8220;<\/span><\/a><\/p>\n","protected":false},"author":1,"featured_media":0,"parent":0,"menu_order":0,"comment_status":"closed","ping_status":"closed","template":"","meta":{"footnotes":""},"class_list":["post-2771","page","type-page","status-publish","hentry"],"_links":{"self":[{"href":"https:\/\/www.sladkatecka.com\/index.php\/wp-json\/wp\/v2\/pages\/2771","targetHints":{"allow":["GET"]}}],"collection":[{"href":"https:\/\/www.sladkatecka.com\/index.php\/wp-json\/wp\/v2\/pages"}],"about":[{"href":"https:\/\/www.sladkatecka.com\/index.php\/wp-json\/wp\/v2\/types\/page"}],"author":[{"embeddable":true,"href":"https:\/\/www.sladkatecka.com\/index.php\/wp-json\/wp\/v2\/users\/1"}],"replies":[{"embeddable":true,"href":"https:\/\/www.sladkatecka.com\/index.php\/wp-json\/wp\/v2\/comments?post=2771"}],"version-history":[{"count":5,"href":"https:\/\/www.sladkatecka.com\/index.php\/wp-json\/wp\/v2\/pages\/2771\/revisions"}],"predecessor-version":[{"id":2779,"href":"https:\/\/www.sladkatecka.com\/index.php\/wp-json\/wp\/v2\/pages\/2771\/revisions\/2779"}],"wp:attachment":[{"href":"https:\/\/www.sladkatecka.com\/index.php\/wp-json\/wp\/v2\/media?parent=2771"}],"curies":[{"name":"wp","href":"https:\/\/api.w.org\/{rel}","templated":true}]}}