{"id":2722,"date":"2025-11-11T06:03:46","date_gmt":"2025-11-11T06:03:46","guid":{"rendered":"https:\/\/www.sladkatecka.com\/?page_id=2722"},"modified":"2026-01-26T20:47:33","modified_gmt":"2026-01-26T20:47:33","slug":"smiskove-tanecky-pro-predskolacky-3-6let","status":"publish","type":"page","link":"https:\/\/www.sladkatecka.com\/index.php\/smiskove-tanecky-pro-predskolacky-3-6let\/","title":{"rendered":"Sm\u00ed\u0161kov\u00e9 (tane\u010dky pro p\u0159ed\u0161kol\u00e1\u010dky 3-6let)"},"content":{"rendered":"\n<p>Tane\u010dky pro p\u0159ed\u0161kol\u00e1\u010dky jsou ur\u010deny d\u011btem od 3 do 6 let bez \u00fa\u010dasti rodi\u010d\u016f. Na obl\u00edben\u00e9 p\u00edsni\u010dky (z film\u016f, poh\u00e1dek, lidov\u00e9 p\u00edsni\u010dky) a \u0159\u00edkanky se u\u010d\u00edme spr\u00e1vn\u00e9mu dr\u017een\u00ed t\u011bla, rozezn\u00e1n\u00ed rytm\u016f, dynamiky a citu pro hudbu. Rozv\u00edj\u00edme fantazii, p\u0159irozen\u00fd a ladn\u00fd pohyb.&nbsp;<\/p>\n\n\n\n<p>Na konci prvn\u00edho pololet\u00ed n\u00e1s \u010dek\u00e1 v\u00e1no\u010dn\u00ed tane\u010dn\u00ed bes\u00eddka a v\u00fdstupem z tohoto krou\u017eku bude na konci roku z\u00e1v\u011bre\u010dn\u00e9 tane\u010dn\u00ed vystoupen\u00ed.<\/p>\n\n\n\n<p><strong>Co s&nbsp;sebou:<\/strong><\/p>\n\n\n\n<ul class=\"wp-block-list\">\n<li>Pohodln\u00e9 sportovn\u00ed oble\u010den\u00ed<\/li>\n\n\n\n<li>Sportovn\u00ed obuv<\/li>\n\n\n\n<li>Pit\u00ed, sva\u010dinka<\/li>\n<\/ul>\n\n\n\n<p><strong>Kdy:<\/strong><\/p>\n\n\n\n<ul class=\"wp-block-list\">\n<li>\u00dater\u00fd od 15.15hod nebo od 16.10hod &#8211; Studio123, Praha 5<\/li>\n\n\n\n<li>St\u0159eda od 16hod &#8211; V korun\u00e1ch strom\u016f U Tenisu, Praha 5<\/li>\n\n\n\n<li>Lekce trv\u00e1 45min<\/li>\n\n\n\n<li>Za\u010d\u00edn\u00e1me v t\u00fddnu od 16.9.2025, krou\u017eek bude otev\u0159en p\u0159i min. po\u010dtu 5 d\u011bt\u00ed.&nbsp;<\/li>\n<\/ul>\n\n\n\n<p><strong>Cena:<\/strong><\/p>\n\n\n\n<ul class=\"wp-block-list\">\n<li>2862,-\/2. pololet\u00ed\/18 lekc\u00ed \u00fater\u00fd<\/li>\n\n\n\n<li>3021,-\/2. pololet\u00ed\/ st\u0159eda<\/li>\n\n\n\n<li>UK\u00c1ZKOV\u00c1 LEKCE ZDARMA \u2013 na lekci je nutn\u00e9 se p\u0159edem p\u0159ihl\u00e1sit z d\u016fvodu omezen\u00e9 kapacity<\/li>\n\n\n\n<li>Lekce neprob\u00edhaj\u00ed v obdob\u00ed pr\u00e1zdnin pro Prahu 5 a ve sv\u00e1tky<\/li>\n\n\n\n<li>1. pololet\u00ed:\n<ul class=\"wp-block-list\">\n<li>16.9.2025 \u2013 3.2.2026 (\u00faterky)<\/li>\n\n\n\n<li>17.9.2025 &#8211; 4.2.2026 (st\u0159edy)<\/li>\n<\/ul>\n<\/li>\n\n\n\n<li>2. pololet\u00ed:\n<ul class=\"wp-block-list\">\n<li>10.2. \u2013 16.6.2026 (\u00faterky)<\/li>\n\n\n\n<li>11.2. &#8211; 17.6.2026 (st\u0159edy)<\/li>\n<\/ul>\n<\/li>\n\n\n\n<li>V\u00e1no\u010dn\u00ed pr\u00e1zdniny &#8211; 22.12.2025 &#8211; 2.1.2026<\/li>\n\n\n\n<li>Jarn\u00ed pr\u00e1zdniny &#8211; 16.2. &#8211; 22.2.2026<\/li>\n\n\n\n<li>N\u00e1hrady: v p\u0159\u00edpad\u011b onemocn\u011bn\u00ed d\u00edt\u011bte \u010di jin\u00e9 ne\u00fa\u010dasti na lekci, je mo\u017en\u00e9 si omluvenou lekci nahradit, ze strany rodi\u010de, na lekci DanceBox pro dosp\u011bl\u00e9 v \u00fater\u00fd od 18hod, st\u0159ede\u010dn\u00ed lekci si m\u016f\u017eete nahradit v \u00fater\u00fd a naopak \u00fatern\u00ed lekce ve st\u0159edu<\/li>\n<\/ul>\n","protected":false},"excerpt":{"rendered":"<p>Tane\u010dky pro p\u0159ed\u0161kol\u00e1\u010dky jsou ur\u010deny d\u011btem od 3 do 6 let bez \u00fa\u010dasti rodi\u010d\u016f. Na obl\u00edben\u00e9 p\u00edsni\u010dky (z film\u016f, poh\u00e1dek, lidov\u00e9 p\u00edsni\u010dky) a \u0159\u00edkanky se u\u010d\u00edme spr\u00e1vn\u00e9mu dr\u017een\u00ed t\u011bla, rozezn\u00e1n\u00ed rytm\u016f, dynamiky a citu pro hudbu. Rozv\u00edj\u00edme fantazii, p\u0159irozen\u00fd a ladn\u00fd pohyb.&nbsp; Na konci prvn\u00edho pololet\u00ed n\u00e1s \u010dek\u00e1 v\u00e1no\u010dn\u00ed tane\u010dn\u00ed bes\u00eddka a v\u00fdstupem z tohoto &hellip; <\/p>\n<p class=\"link-more\"><a href=\"https:\/\/www.sladkatecka.com\/index.php\/smiskove-tanecky-pro-predskolacky-3-6let\/\" class=\"more-link\">Pokra\u010dovat ve \u010dten\u00ed<span class=\"screen-reader-text\"> &#8222;Sm\u00ed\u0161kov\u00e9 (tane\u010dky pro p\u0159ed\u0161kol\u00e1\u010dky 3-6let)&#8220;<\/span><\/a><\/p>\n","protected":false},"author":1,"featured_media":0,"parent":0,"menu_order":0,"comment_status":"closed","ping_status":"closed","template":"","meta":{"footnotes":""},"class_list":["post-2722","page","type-page","status-publish","hentry"],"_links":{"self":[{"href":"https:\/\/www.sladkatecka.com\/index.php\/wp-json\/wp\/v2\/pages\/2722","targetHints":{"allow":["GET"]}}],"collection":[{"href":"https:\/\/www.sladkatecka.com\/index.php\/wp-json\/wp\/v2\/pages"}],"about":[{"href":"https:\/\/www.sladkatecka.com\/index.php\/wp-json\/wp\/v2\/types\/page"}],"author":[{"embeddable":true,"href":"https:\/\/www.sladkatecka.com\/index.php\/wp-json\/wp\/v2\/users\/1"}],"replies":[{"embeddable":true,"href":"https:\/\/www.sladkatecka.com\/index.php\/wp-json\/wp\/v2\/comments?post=2722"}],"version-history":[{"count":8,"href":"https:\/\/www.sladkatecka.com\/index.php\/wp-json\/wp\/v2\/pages\/2722\/revisions"}],"predecessor-version":[{"id":2789,"href":"https:\/\/www.sladkatecka.com\/index.php\/wp-json\/wp\/v2\/pages\/2722\/revisions\/2789"}],"wp:attachment":[{"href":"https:\/\/www.sladkatecka.com\/index.php\/wp-json\/wp\/v2\/media?parent=2722"}],"curies":[{"name":"wp","href":"https:\/\/api.w.org\/{rel}","templated":true}]}}