{"id":1509,"date":"2020-10-19T12:54:19","date_gmt":"2020-10-19T12:54:19","guid":{"rendered":"http:\/\/www.sladkatecka.com\/?page_id=1509"},"modified":"2021-05-23T06:37:14","modified_gmt":"2021-05-23T06:37:14","slug":"vence","status":"publish","type":"page","link":"https:\/\/www.sladkatecka.com\/index.php\/vence\/","title":{"rendered":"V\u011bnce"},"content":{"rendered":"\n<p>Tvo\u0159en\u00ed je prost\u011b moje, a tak jsem si trochu odsko\u010dila od dobrot a zahr\u00e1la si na &#8222;Am\u00e1lku&#8220; \ud83c\udf3f Pokud m\u00e1te z\u00e1jem o v\u011bnec z m\u00e9 d\u00edlny, nev\u00e1hejte mne kontaktovat.<\/p>\n\n\n\n<figure class=\"wp-block-image size-large\"><img loading=\"lazy\" decoding=\"async\" width=\"1024\" height=\"928\" src=\"https:\/\/www.sladkatecka.com\/wp-content\/uploads\/2020\/10\/IMG_20201011_191537.jpg\" alt=\"\" class=\"wp-image-1510\" srcset=\"https:\/\/www.sladkatecka.com\/wp-content\/uploads\/2020\/10\/IMG_20201011_191537.jpg 1024w, https:\/\/www.sladkatecka.com\/wp-content\/uploads\/2020\/10\/IMG_20201011_191537-300x272.jpg 300w, https:\/\/www.sladkatecka.com\/wp-content\/uploads\/2020\/10\/IMG_20201011_191537-768x696.jpg 768w\" sizes=\"auto, (max-width: 767px) 89vw, (max-width: 1000px) 54vw, (max-width: 1071px) 543px, 580px\" \/><\/figure>\n\n\n\n<figure class=\"wp-block-image size-large\"><img loading=\"lazy\" decoding=\"async\" width=\"819\" height=\"1024\" src=\"https:\/\/www.sladkatecka.com\/wp-content\/uploads\/2020\/10\/IMG_20201011_193954_874-819x1024.jpg\" alt=\"\" class=\"wp-image-1511\" srcset=\"https:\/\/www.sladkatecka.com\/wp-content\/uploads\/2020\/10\/IMG_20201011_193954_874-819x1024.jpg 819w, https:\/\/www.sladkatecka.com\/wp-content\/uploads\/2020\/10\/IMG_20201011_193954_874-240x300.jpg 240w, https:\/\/www.sladkatecka.com\/wp-content\/uploads\/2020\/10\/IMG_20201011_193954_874-768x960.jpg 768w, https:\/\/www.sladkatecka.com\/wp-content\/uploads\/2020\/10\/IMG_20201011_193954_874-1229x1536.jpg 1229w, https:\/\/www.sladkatecka.com\/wp-content\/uploads\/2020\/10\/IMG_20201011_193954_874.jpg 1440w\" sizes=\"auto, (max-width: 767px) 89vw, (max-width: 1000px) 54vw, (max-width: 1071px) 543px, 580px\" \/><\/figure>\n\n\n\n<figure class=\"wp-block-image size-large\"><img loading=\"lazy\" decoding=\"async\" width=\"819\" height=\"1024\" src=\"https:\/\/www.sladkatecka.com\/wp-content\/uploads\/2020\/11\/IMG_20201031_225840_511-819x1024.jpg\" alt=\"\" class=\"wp-image-1600\" srcset=\"https:\/\/www.sladkatecka.com\/wp-content\/uploads\/2020\/11\/IMG_20201031_225840_511-819x1024.jpg 819w, https:\/\/www.sladkatecka.com\/wp-content\/uploads\/2020\/11\/IMG_20201031_225840_511-240x300.jpg 240w, https:\/\/www.sladkatecka.com\/wp-content\/uploads\/2020\/11\/IMG_20201031_225840_511-768x960.jpg 768w, https:\/\/www.sladkatecka.com\/wp-content\/uploads\/2020\/11\/IMG_20201031_225840_511-1229x1536.jpg 1229w, https:\/\/www.sladkatecka.com\/wp-content\/uploads\/2020\/11\/IMG_20201031_225840_511-1638x2048.jpg 1638w, https:\/\/www.sladkatecka.com\/wp-content\/uploads\/2020\/11\/IMG_20201031_225840_511-scaled.jpg 2048w\" sizes=\"auto, (max-width: 767px) 89vw, (max-width: 1000px) 54vw, (max-width: 1071px) 543px, 580px\" \/><\/figure>\n\n\n\n<figure class=\"wp-block-image size-large\"><img loading=\"lazy\" decoding=\"async\" width=\"825\" height=\"1024\" src=\"https:\/\/www.sladkatecka.com\/wp-content\/uploads\/2020\/10\/Screenshot_20201019_144758-1-825x1024.jpg\" alt=\"\" class=\"wp-image-1525\" srcset=\"https:\/\/www.sladkatecka.com\/wp-content\/uploads\/2020\/10\/Screenshot_20201019_144758-1-825x1024.jpg 825w, https:\/\/www.sladkatecka.com\/wp-content\/uploads\/2020\/10\/Screenshot_20201019_144758-1-242x300.jpg 242w, https:\/\/www.sladkatecka.com\/wp-content\/uploads\/2020\/10\/Screenshot_20201019_144758-1-768x954.jpg 768w, https:\/\/www.sladkatecka.com\/wp-content\/uploads\/2020\/10\/Screenshot_20201019_144758-1.jpg 1080w\" sizes=\"auto, (max-width: 767px) 89vw, (max-width: 1000px) 54vw, (max-width: 1071px) 543px, 580px\" \/><\/figure>\n\n\n\n<figure class=\"wp-block-image size-large\"><img loading=\"lazy\" decoding=\"async\" width=\"831\" height=\"1024\" src=\"https:\/\/www.sladkatecka.com\/wp-content\/uploads\/2020\/10\/Screenshot_20201019_144746-1-831x1024.jpg\" alt=\"\" class=\"wp-image-1526\" srcset=\"https:\/\/www.sladkatecka.com\/wp-content\/uploads\/2020\/10\/Screenshot_20201019_144746-1-831x1024.jpg 831w, https:\/\/www.sladkatecka.com\/wp-content\/uploads\/2020\/10\/Screenshot_20201019_144746-1-243x300.jpg 243w, https:\/\/www.sladkatecka.com\/wp-content\/uploads\/2020\/10\/Screenshot_20201019_144746-1-768x946.jpg 768w, https:\/\/www.sladkatecka.com\/wp-content\/uploads\/2020\/10\/Screenshot_20201019_144746-1.jpg 1080w\" sizes=\"auto, (max-width: 767px) 89vw, (max-width: 1000px) 54vw, (max-width: 1071px) 543px, 580px\" \/><\/figure>\n\n\n\n<figure class=\"wp-block-image size-large\"><img loading=\"lazy\" decoding=\"async\" width=\"819\" height=\"1024\" src=\"https:\/\/www.sladkatecka.com\/wp-content\/uploads\/2021\/05\/IMG_20210514_235715_936-819x1024.jpg\" alt=\"\" class=\"wp-image-2022\" srcset=\"https:\/\/www.sladkatecka.com\/wp-content\/uploads\/2021\/05\/IMG_20210514_235715_936-819x1024.jpg 819w, https:\/\/www.sladkatecka.com\/wp-content\/uploads\/2021\/05\/IMG_20210514_235715_936-240x300.jpg 240w, https:\/\/www.sladkatecka.com\/wp-content\/uploads\/2021\/05\/IMG_20210514_235715_936-768x960.jpg 768w, https:\/\/www.sladkatecka.com\/wp-content\/uploads\/2021\/05\/IMG_20210514_235715_936-1229x1536.jpg 1229w, https:\/\/www.sladkatecka.com\/wp-content\/uploads\/2021\/05\/IMG_20210514_235715_936.jpg 1440w\" sizes=\"auto, (max-width: 767px) 89vw, (max-width: 1000px) 54vw, (max-width: 1071px) 543px, 580px\" \/><\/figure>\n\n\n\n<figure class=\"wp-block-image size-large\"><img loading=\"lazy\" decoding=\"async\" width=\"1024\" height=\"1015\" src=\"https:\/\/www.sladkatecka.com\/wp-content\/uploads\/2020\/10\/Screenshot_20201019_144703-1-1024x1015.jpg\" alt=\"\" class=\"wp-image-1519\" srcset=\"https:\/\/www.sladkatecka.com\/wp-content\/uploads\/2020\/10\/Screenshot_20201019_144703-1-1024x1015.jpg 1024w, https:\/\/www.sladkatecka.com\/wp-content\/uploads\/2020\/10\/Screenshot_20201019_144703-1-300x298.jpg 300w, https:\/\/www.sladkatecka.com\/wp-content\/uploads\/2020\/10\/Screenshot_20201019_144703-1-150x150.jpg 150w, https:\/\/www.sladkatecka.com\/wp-content\/uploads\/2020\/10\/Screenshot_20201019_144703-1-768x762.jpg 768w, https:\/\/www.sladkatecka.com\/wp-content\/uploads\/2020\/10\/Screenshot_20201019_144703-1-100x100.jpg 100w, https:\/\/www.sladkatecka.com\/wp-content\/uploads\/2020\/10\/Screenshot_20201019_144703-1.jpg 1080w\" sizes=\"auto, (max-width: 767px) 89vw, (max-width: 1000px) 54vw, (max-width: 1071px) 543px, 580px\" \/><\/figure>\n\n\n\n<figure class=\"wp-block-image size-large\"><img loading=\"lazy\" decoding=\"async\" width=\"768\" height=\"1024\" src=\"https:\/\/www.sladkatecka.com\/wp-content\/uploads\/2020\/10\/IMG_20201007_142222-1-768x1024.jpg\" alt=\"\" class=\"wp-image-1533\" srcset=\"https:\/\/www.sladkatecka.com\/wp-content\/uploads\/2020\/10\/IMG_20201007_142222-1-768x1024.jpg 768w, https:\/\/www.sladkatecka.com\/wp-content\/uploads\/2020\/10\/IMG_20201007_142222-1-225x300.jpg 225w, https:\/\/www.sladkatecka.com\/wp-content\/uploads\/2020\/10\/IMG_20201007_142222-1-1152x1536.jpg 1152w, https:\/\/www.sladkatecka.com\/wp-content\/uploads\/2020\/10\/IMG_20201007_142222-1-1536x2048.jpg 1536w, https:\/\/www.sladkatecka.com\/wp-content\/uploads\/2020\/10\/IMG_20201007_142222-1-scaled.jpg 1920w\" sizes=\"auto, (max-width: 767px) 89vw, (max-width: 1000px) 54vw, (max-width: 1071px) 543px, 580px\" \/><\/figure>\n\n\n\n<figure class=\"wp-block-image size-large\"><img loading=\"lazy\" decoding=\"async\" width=\"768\" height=\"1024\" src=\"https:\/\/www.sladkatecka.com\/wp-content\/uploads\/2020\/10\/IMG_20201007_142059-768x1024.jpg\" alt=\"\" class=\"wp-image-1534\" srcset=\"https:\/\/www.sladkatecka.com\/wp-content\/uploads\/2020\/10\/IMG_20201007_142059-768x1024.jpg 768w, https:\/\/www.sladkatecka.com\/wp-content\/uploads\/2020\/10\/IMG_20201007_142059-225x300.jpg 225w, https:\/\/www.sladkatecka.com\/wp-content\/uploads\/2020\/10\/IMG_20201007_142059-1152x1536.jpg 1152w, https:\/\/www.sladkatecka.com\/wp-content\/uploads\/2020\/10\/IMG_20201007_142059-1536x2048.jpg 1536w, https:\/\/www.sladkatecka.com\/wp-content\/uploads\/2020\/10\/IMG_20201007_142059-scaled.jpg 1920w\" sizes=\"auto, (max-width: 767px) 89vw, (max-width: 1000px) 54vw, (max-width: 1071px) 543px, 580px\" \/><\/figure>\n\n\n\n<figure class=\"wp-block-image size-large\"><img loading=\"lazy\" decoding=\"async\" width=\"1024\" height=\"1016\" src=\"https:\/\/www.sladkatecka.com\/wp-content\/uploads\/2020\/10\/Screenshot_20201019_144730-1-1024x1016.jpg\" alt=\"\" class=\"wp-image-1520\" srcset=\"https:\/\/www.sladkatecka.com\/wp-content\/uploads\/2020\/10\/Screenshot_20201019_144730-1-1024x1016.jpg 1024w, https:\/\/www.sladkatecka.com\/wp-content\/uploads\/2020\/10\/Screenshot_20201019_144730-1-300x298.jpg 300w, https:\/\/www.sladkatecka.com\/wp-content\/uploads\/2020\/10\/Screenshot_20201019_144730-1-150x150.jpg 150w, https:\/\/www.sladkatecka.com\/wp-content\/uploads\/2020\/10\/Screenshot_20201019_144730-1-768x762.jpg 768w, https:\/\/www.sladkatecka.com\/wp-content\/uploads\/2020\/10\/Screenshot_20201019_144730-1-100x100.jpg 100w, https:\/\/www.sladkatecka.com\/wp-content\/uploads\/2020\/10\/Screenshot_20201019_144730-1.jpg 1080w\" sizes=\"auto, (max-width: 767px) 89vw, (max-width: 1000px) 54vw, (max-width: 1071px) 543px, 580px\" \/><\/figure>\n\n\n\n<figure class=\"wp-block-image size-large\"><img loading=\"lazy\" decoding=\"async\" width=\"1024\" height=\"1016\" src=\"https:\/\/www.sladkatecka.com\/wp-content\/uploads\/2020\/10\/Screenshot_20201019_144717-1-1024x1016.jpg\" alt=\"\" class=\"wp-image-1523\" srcset=\"https:\/\/www.sladkatecka.com\/wp-content\/uploads\/2020\/10\/Screenshot_20201019_144717-1-1024x1016.jpg 1024w, https:\/\/www.sladkatecka.com\/wp-content\/uploads\/2020\/10\/Screenshot_20201019_144717-1-300x298.jpg 300w, https:\/\/www.sladkatecka.com\/wp-content\/uploads\/2020\/10\/Screenshot_20201019_144717-1-150x150.jpg 150w, https:\/\/www.sladkatecka.com\/wp-content\/uploads\/2020\/10\/Screenshot_20201019_144717-1-768x762.jpg 768w, https:\/\/www.sladkatecka.com\/wp-content\/uploads\/2020\/10\/Screenshot_20201019_144717-1-100x100.jpg 100w, https:\/\/www.sladkatecka.com\/wp-content\/uploads\/2020\/10\/Screenshot_20201019_144717-1.jpg 1080w\" sizes=\"auto, (max-width: 767px) 89vw, (max-width: 1000px) 54vw, (max-width: 1071px) 543px, 580px\" \/><\/figure>\n","protected":false},"excerpt":{"rendered":"<p>Tvo\u0159en\u00ed je prost\u011b moje, a tak jsem si trochu odsko\u010dila od dobrot a zahr\u00e1la si na &#8222;Am\u00e1lku&#8220; \ud83c\udf3f Pokud m\u00e1te z\u00e1jem o v\u011bnec z m\u00e9 d\u00edlny, nev\u00e1hejte mne kontaktovat.<\/p>\n","protected":false},"author":1,"featured_media":0,"parent":0,"menu_order":0,"comment_status":"closed","ping_status":"closed","template":"","meta":{"footnotes":""},"class_list":["post-1509","page","type-page","status-publish","hentry"],"_links":{"self":[{"href":"https:\/\/www.sladkatecka.com\/index.php\/wp-json\/wp\/v2\/pages\/1509","targetHints":{"allow":["GET"]}}],"collection":[{"href":"https:\/\/www.sladkatecka.com\/index.php\/wp-json\/wp\/v2\/pages"}],"about":[{"href":"https:\/\/www.sladkatecka.com\/index.php\/wp-json\/wp\/v2\/types\/page"}],"author":[{"embeddable":true,"href":"https:\/\/www.sladkatecka.com\/index.php\/wp-json\/wp\/v2\/users\/1"}],"replies":[{"embeddable":true,"href":"https:\/\/www.sladkatecka.com\/index.php\/wp-json\/wp\/v2\/comments?post=1509"}],"version-history":[{"count":6,"href":"https:\/\/www.sladkatecka.com\/index.php\/wp-json\/wp\/v2\/pages\/1509\/revisions"}],"predecessor-version":[{"id":2023,"href":"https:\/\/www.sladkatecka.com\/index.php\/wp-json\/wp\/v2\/pages\/1509\/revisions\/2023"}],"wp:attachment":[{"href":"https:\/\/www.sladkatecka.com\/index.php\/wp-json\/wp\/v2\/media?parent=1509"}],"curies":[{"name":"wp","href":"https:\/\/api.w.org\/{rel}","templated":true}]}}